+ -1?
-313
In base 8, what is -7 - 7?
-16
In base 10, what is 73 - -2?
75
In base 6, what is -1054 - -3?
-1051
In base 12, what is 15 + 4?
19
In base 5, what is -1302 + 3?
-1244
In base 8, what is -42 + 1445?
1403
In base 12, what is -4 + -22a?
-232
In base 9, what is 13306 - -1?
13307
In base 3, what is 1002002 + -12?
1001220
In base 13, what is 26 + 26?
4c
In base 12, what is 24 + -47?
-23
In base 2, what is 101 - -10011110?
10100011
In base 14, what is -5708 - -4?
-5704
In base 2, what is 10100110 - -101?
10101011
In base 4, what is 2 + 11221?
11223
In base 8, what is -311 + 1?
-310
In base 15, what is 4 - -3c?
41
In base 3, what is 22 + 12021112?
12021211
In base 5, what is 10032 + -4?
10023
In base 9, what is 4 + 35?
40
In base 8, what is 211 - 0?
211
In base 8, what is 0 + -70?
-70
In base 16, what is -a4 - -8?
-9c
In base 15, what is 5 - 8c?
-87
In base 4, what is 23 + 1000?
1023
In base 7, what is 2426 - 5?
2421
In base 16, what is 3 + -1b7?
-1b4
In base 12, what is 1b2 - -1?
1b3
In base 13, what is 0 - -39?
39
In base 12, what is -4 + -235?
-239
In base 3, what is 100010 - 1101?
21202
In base 9, what is -3862 - 4?
-3866
In base 8, what is 266 - -4?
272
In base 16, what is -97 - -19?
-7e
In base 7, what is 114 + -1?
113
In base 11, what is -122 - 0?
-122
In base 8, what is -23 - -177?
154
In base 10, what is 3 - -1886?
1889
In base 9, what is -5 - 4?
-10
In base 11, what is 6 + -16?
-10
In base 6, what is -3 + -3?
-10
In base 14, what is -1 + 2540?
253d
In base 2, what is -11000 - -11101?
101
In base 10, what is -7 + 83?
76
In base 4, what is -21102 + 2?
-21100
In base 14, what is -c65 - -2?
-c63
In base 5, what is 310 - -1?
311
In base 7, what is 2636 + -4?
2632
In base 2, what is -1010011 + -101?
-1011000
In base 5, what is -4 + 1133?
1124
In base 9, what is 2001 - 2?
1888
In base 2, what is -1001100 + -11?
-1001111
In base 13, what is 4b4 - -5?
4b9
In base 4, what is -11310 - -23?
-11221
In base 13, what is 1 + 80?
81
In base 10, what is -3 - -514?
511
In base 5, what is -3134 - -10?
-3124
In base 2, what is -100 + 1010111?
1010011
In base 16, what is 4 + 165?
169
In base 11, what is -92 + 86?
-7
In base 6, what is -220 + -5?
-225
In base 2, what is 100000101 + -11?
100000010
In base 2, what is 11111110 + 10?
100000000
In base 3, what is 1 + 101?
102
In base 8, what is 423 + -2?
421
In base 10, what is -355 + 24?
-331
In base 6, what is -424 - 0?
-424
In base 15, what is -4 + 230?
22b
In base 14, what is -53 + d?
-44
In base 14, what is 1 + 6a?
6b
In base 8, what is 51 - 1?
50
In base 3, what is 12211 - -120?
20101
In base 12, what is -13 + 125?
112
In base 6, what is 4 + -1040?
-1032
In base 15, what is 4 + 27e?
283
In base 16, what is ca + 4?
ce
In base 11, what is -47 + -27?
-73
In base 11, what is 3097 - 3?
3094
In base 6, what is 4 - 24?
-20
In base 2, what is -101 - 11001101?
-11010010
In base 8, what is -133 - -1?
-132
In base 4, what is -1131 + 0?
-1131
In base 11, what is -404 - 2?
-406
In base 12, what is 696 + -4?
692
In base 7, what is -4 - -42?
35
In base 10, what is -1426 - 5?
-1431
In base 12, what is 356 + 5?
35b
In base 7, what is -34 + -305?
-342
In base 11, what is -3 + 9?
6
In base 16, what is -191 - 4?
-195
In base 6, what is 3 - -2334?
2341
In base 10, what is 3 + 503?
506
In base 13, what is -4 + -50?
-54
In base 10, what is 1533 + -4?
1529
In base 12, what is 127 + -22?
105
In base 5, what is 10 + 42?
102
In base 8, what is 4 + 116?
122
In base 16, what is 177 + -3?
174
In base 16, what is -b + -10?
-1b
In base 2, what is -111001011010101 - 11?
-111001011011000
In base 9, what is 86 + 3?
100
In base 14, what is 5 - 83?
-7c
In base 8, what is -2 + -103?
-105
In base 11, what is -589 - -1?
-588
In base 14, what is 3 + 1c7b?
1c80
In base 4, what is -1 - 11?
-12
In base 4, what is 2003003 - 0?
2003003
In base 7, what is 1012 - 3?
1006
In base 16, what is -4b + 4?
-47
In base 6, what is -23 - -110?
43
In base 7, what is 5 + 3?
11
In base 3, what is -12100010 - 11?
-12100021
In base 4, what is 30 - 332133?
-332103
In base 6, what is 321 - -3?
324
In base 9, what is -3350 + -4?
-3354
In base 14, what is -4 - a5?
-a9
In base 8, what is 31 + 4?
35
In base 12, what is -a7 - 3?
-aa
In base 4, what is 1 - 112?
-111
In base 15, what is 3 + -144?
-141
In base 5, what is -4 - 4311?
-4320
In base 13, what is 31 + 7?
38
In base 13, what is -1 + -919?
-91a
In base 7, what is 14260 + -5?
14252
In base 14, what is -365 + -1?
-366
In base 11, what is 1287 - 4?
1283
In base 13, what is -a3 - -4?
-9c
In base 2, what is -1 + 111111001?
111111000
In base 3, what is 2 - -12022?
12101
In base 11, what is 41 + -4?
38
In base 11, what is -583 - 1?
-584
In base 9, what is -380 + -17?
-407
In base 2, what is 101 + -10000101?
-10000000
In base 13, what is 2817 + 1?
2818
In base 7, what is 11 - -150?
161
In base 4, what is 2 - -20323?
20331
In base 14, what is -29b + -4?
-2a1
In base 3, what is 10221000 - -10?
10221010
In base 7, what is 5 + -2531?
-2523
In base 10, what is -1 - -149?
148
In base 5, what is 4 + 23400?
23404
In base 14, what is -721 - 2?
-723
In base 15, what is -6467 + 0?
-6467
In base 7, what is -3 - -1411?
1405
In base 4, what is -13120 - -2?
-13112
In base 7, what is 1006 - 12?
664
In base 9, what is -1 + 72?
71
In base 11, what is -1 + 107?
106
In base 16, what is 5 - -1b?
20
In base 9, what is 5 - 88?
-83
In base 2, what is -10111 - -10010?
-101
In base 15, what is -4 - -2d?
29
In base 10, what is 2 + -216?
-214
In base 3, what is 20012 - 2?
20010
In base 12, what is 222 - -1?
223
In base 2, what is -1111 - -10010011010?
10010001011
In base 3, what is 1122102 - 12?
1122020
In base 14, what is 0 - -b2?
b2
In base 11, what is -4 + 764?
760
In base 2, what is -1010 - -111000110?
110111100
In base 8, what is 0 + 427?
427
In base 7, what is -4 - -120?
113
In base 13, what is 1 + 199?
19a
In base 13, what is -87b + -1?
-87c
In base 2, what is -111000001 + 101?
-110111100
In base 2, what is 10001010010 + -1?
10001010001
In base 7, what is -54 - -53?
-1
In base 5, what is 124203 - 4?
124144
In base 14, what is -2 + 14?
12
In base 15, what is -5 - -99b?
996
In base 3, what is -2 + 1210121?
1210112
In base 15, what is 4 + 59?
5d
In base 8, what is 4403 - -5?
4410
In base 14, what is -3 - -33?
30
In base 13, what is -4 - -1684?
1680
In base 16, what is -3 - -61?
5e
In base 13, what is -73b + -2?
-740
In base 4, what is 131 + -22?
103
In base 11, what is -4 + 1aaa?
1aa6
In base 13, what is -1 + 619?
618
In base 11, what is -1019 - 3?
-1021
In base 13, what is -2 + -196?
-198
In base 10, what is 1 - 21?
-20
In base 13, what is 7 + -11?
-7
In base 6, what is -3 + 425?
422
In base 15, what is -66 + 7b?
15
In base 6, what is 2 - 34?
-32
In base 14, what is 5 - 342?
-33b
In base 9, what is -1 - 111?
-112
In base 2, what is -110 + 10101000?
10100010
In base 13, what is 50c - 4?
508
In base 7, what is 11446 - -3?
11452
In base 13, what is 11 + -a?
4
In base 9, what is 3 + -1676?
-1673
In base 16, what is -d3 - -5?
-ce
In base 7, what is 1 - 2545?
-2544
In base 11, what is -1044 - -3?
-1041
In base 11, what is 1 + -246?
-245
In base 11, what is -1 - 254?
-255
In base 4, what is 120 + -20013?
-13233
In base 5, what is 121 + -12?
104
In base 3, what is 110 - -201000?
201110
In base 2, what is 11111 - -100?
100011
In base 9, what is -11778 - -2?
-11776
In base 9, what is -13478 + 1?
-13477
In base 4, what is -30 - 31203?
-31233
In base 2, what is 10110 - -1100?
100010
In base 2, what is 11100000 - -10?
11100010
In base 2, what is -1000010101 - -11?
-1000010010
In base 7, what is -5 + -30?
-35
In base 5, what is -1303 + 11?
-1242
In base 11, what is 9126 - 1?
9125
In base 13, what is a - -4?
11
In base 8, what is 1 + -260?
-257
In base 9, what is 14155 + 4?
14160
In base 10, what is -6 - -1521?
1515
In base 10, what is -6 - 4?
-10
In base 15, what is -ba + 3?
-b7
In base 12, what is 499 + 6?
4a3
In base 6, what is 12 - -120?
132
In base 4, what is -13033 - 223?
-13322
In base 15, what is 7 - -5?
c
In base 5, what is 2111 - -22?
2133
In base 13, what is -3243 - 0?
-3243
In base 4, what is -112 + -10?
-122
In base 3, what is -11210 - 20001?
-101211
In base 14, what is 69 - 0?
69
In base 10, what is -1 + -9?
-10
In base 10, what is 240 - -22